y 8.
6
Suppose 5*c + 1201 = 1291. Calculate the remainder when 6/12*(-2 - -240) is divided by c.
11
Suppose 8*q - 1774 = -534. What is the remainder when q is divided by 147?
8
Suppose 21*h + 132 = 43*h. Let a = h + 4. Calculate the remainder when (-314)/(-10) + (-4)/10 is divided by a.
1
Let a be (-9)/(-15) - (-583)/(-5). Calculate the remainder when (0 + -1)/(584/a + 5) is divided by 7.
1
Suppose 4*h + 4*t - 212 = 0, 4*t = h - 3 - 20. Calculate the remainder when 1448 is divided by h.
38
Let t = -2338 - -2529. Calculate the remainder when t is divided by 62.
5
Let r(w) = w**3 + 3*w**2 - 15*w - 14. Let n be (-6)/(-16) - 774/144. What is the remainder when 21 is divided by r(n)?
10
Let o(f) = -f**2 + 11*f - 5. Let y be o(16). Suppose -d = 4, -2*d - 184 = 2*c + d. Let h = y - c. Calculate the remainder when 4 is divided by h.
0
Suppose 11*y - 257 = 183. Suppose 11*u + y = 183. What is the remainder when 75 is divided by u?
10
Let n(w) = 3*w - 7. Let y(k) = -k**2 - 35*k + 3140. Calculate the remainder when y(-75) is divided by n(5).
4
Suppose 4*p - 78 = -4*r + 6, 4*r + 52 = 4*p. What is the remainder when (4*3/(-12))/((-2)/58) is divided by p?
12
Let k(j) = j**3 + 21*j**2 - j - 8. Let s be k(-7). Suppose -20*c - s = -25*c. What is the remainder when c is divided by 48?
41
Let c = -312 + 327. Let w = c - -306. What is the remainder when w is divided by 17?
15
Let z(g) = g**3 + 3*g**2 - 46*g + 180. Calculate the remainder when 1612 is divided by z(0).
172
Let g be (0 + 75/(-10))/(9/(-12)). Let c(f) = f**3 - 4*f**2 + 3*f - 6. Let p be c(4). Suppose g*w = -p*w + 128. What is the remainder when 69 is divided by w?
5
Let t be (-16)/4 - -3 - 15/(-3). Suppose -t*c - 31*o + 12 = -35*o, 4*c = -o + 32. Calculate the remainder when 19 is divided by c.
5
What is the remainder when 659540/(-210)*((0 - (-44)/(-8)) + 4) is divided by 41?
37
What is the remainder when 88 is divided by ((-2 + 0)*4/(-12))/((-27)/(-162))?
0
Let i = 26785 - 26729. Suppose -5*a = -4*j - 91, -2*a = -4*j - 14 - 20. Calculate the remainder when i is divided by a.
18
Suppose -m - 275 + 4 = z, -2*z - 4*m = 532. Let u = z - -325. Calculate the remainder when 241 is divided by u.
45
Let v(a) = -5*a - 7. Let r be 9/(1/2*-3). Let n(o) = o**3 - 59*o**2 - 320*o + 45. Calculate the remainder when n(64) is divided by v(r).
22
Suppose 8*z + 3*v = 3*z + 270, -2*v + 163 = 3*z. Suppose -5*j + z = -49. Suppose 4*u + 332 - 484 = 0. What is the remainder when u is divided by j?
18
Suppose w + 4 = 5*w. Let q be ((-1)/2)/((-1)/(-36)). Let v = w - q. What is the remainder when v is divided by 8?
3
Suppose -2*y = 5*d - 5131 + 1996, 4*d - 3*y - 2508 = 0. What is the remainder when d is divided by 75?
27
Let d(o) = -2*o**2 + 5*o - 169. Let i be d(0). Let s = i - -188. Let q(v) = 70*v**2 - 2*v - 1. What is the remainder when q(-1) is divided by s?
14
Let q(m) be the first derivative of m**2/2 + 15*m + 1. Suppose 0 = 3089*a - 3131*a + 126. Calculate the remainder when q(-7) is divided by a.
2
Suppose 0 = 3*y - 4*a - 34, -10*y + 11*y - 22 = -4*a. Suppose -3*j - 149 = -260. Calculate the remainder when j is divided by y.
9
Let f be ((-8)/(-10))/((-98)/(-245)). Suppose -4*s + 82 = 3*j, f*j - 6*s + s = 93. Calculate the remainder when j is divided by 31.
3
Let m(f) = -61*f - 321. Calculate the remainder when (12/(-6))/((-4)/166) is divided by m(-6).
38
Let s = -36189 + 39371. What is the remainder when s is divided by 22?
14
Suppose 67406 + 73650 = 116*n. Calculate the remainder when n is divided by 196.
40
Let z be ((-86)/(-6))/(29/522). Let c = z - 68. Calculate the remainder when c is divided by 39.
34
Let z(o) = 91*o - 96. What is the remainder when z(2) is divided by 24?
14
Let o(c) = c**3 + 2*c**2 - 72*c + 6. Calculate the remainder when o(-6) is divided by 5.
4
Suppose 59 = 3*o - 4*o. Suppose 3*x - 454 = 2*r, 2*r + 149 = x - r. Let c = o + x. Calculate the remainder when c is divided by 16.
13
Suppose 42 - 376 = -4*u + 3*v, -2*v + 160 = 2*u. Let d = 148 - u. Calculate the remainder when d is divided by 38.
28
Let q = -5174 - -5302. Calculate the remainder when q is divided by 110.
18
Suppose 301*n - 2211 = -2338 + 26013. Suppose 4*m - 349 = 179. Calculate the remainder when n is divided by (-9)/(-6)*m/9.
20
Suppose 20*b - 16*b + 3*y = 108, -5*y - 140 = -4*b. Calculate the remainder when (654*4/(-32))/((-1)/4) is divided by b.
27
Let j = 216 - 216. Suppose j = 4*s + d + 2*d - 482, 248 = 2*s + 5*d. Calculate the remainder when s is divided by 8.
7
Calculate the remainder when 2202 is divided by (-3)/(-12) - (-78597)/108.
18
Suppose -3*o + 32 = -5*c, 0 = -2*o + 3*o + c. What is the remainder when 74/(6 - (8 - o)) is divided by 30?
7
Let t be (-24802)/(-5)*-1 + (-18)/(-45). Suppose 0 = -4*g - 0*g + 140. What is the remainder when (t/(-18))/2 + 58/261 is divided by g?
33
Let l = 1310 - 715. What is the remainder when -8 - (-3 + l)/(-8) is divided by 20?
6
Let l = 6326 + -6145. Calculate the remainder when l is divided by 26.
25
Let o(n) = 6*n + 280. What is the remainder when 269 is divided by o(-45)?
9
Let p = -11 + 15. Suppose l + 13 = p*n, -3*n + l = -4 - 7. Suppose -19 = -5*t - n*z + 3*z, 2*z = -8. Calculate the remainder when 5 is divided by t.
2
Let c = -152 + 150. What is the remainder when 179 is divided by 18 + 5 + -7 - (c - -3)?
14
Suppose 6*g - 13*g + 238 = 0. Suppose -7*f - 175 + 483 = 0. What is the remainder when f is divided by g?
10
Suppose 0 = -2*i + l - 21, 0 = 2*i + 3*l + 2*l + 3. Let h = i + 39. Let x = -4 + h. What is the remainder when 103 is divided by x?
25
Let b(q) = -3*q + 128. Let v be b(41). Suppose 0 = i + v*j - 243, 3*i - j - 653 = 3*j. What is the remainder when i is divided by 77?
69
Suppose 0 = -9*m + 10*m. Suppose -46 = 6*u - 10*u + 2*l, m = -2*u - 3*l + 43. Let i(t) = t**2 + 6*t - 7. Calculate the remainder when u is divided by i(-8).
5
Let i = 413 - 71. Let q = i - 304. Let t = 10 + 4. Calculate the remainder when q is divided by t.
10
Suppose n + 3*n = -c + 57, 2*n = 2*c + 16. Let w(h) = 12*h**2 - 5*h + 5. Suppose -2*t + 2 = -t. What is the remainder when w(t) is divided by n?
4
Suppose 5*m - 15 = 0, 0 = -3*h + 6*m - 8*m - 99. Let g be (-147)/(-14)*8/6. What is the remainder when 81 is divided by (-2)/(10/(-207)) + g/h?
40
Suppose -3*y + 60 = -0*y. Let w(j) = 101*j**2 - 18*j - 6. Let q be w(-3). Suppose -18*z - 15*z + q = 0. Calculate the remainder when z is divided by y.
9
Let u be 1 - ((-1 - 0) + 27/(-9)). Suppose -s + u*s - 56 = 0. What is the remainder when 138 is divided by s?
12
Let g(j) = 0*j**2 + j**3 + 7*j**2 + 4 - 7*j - 2. Let w(c) = -4*c**3 - 3*c**2 - 40*c - 79. What is the remainder when g(-6) is divided by w(-2)?
17
Suppose 0*t + t - 77 = 0. Let x = 120 - t. Suppose x = 9*z - 38. What is the remainder when 24 is divided by z?
6
Suppose 0 = -v - 74 + 507. Suppose -5*x = -2*m + 276, 2*x - 167 - v = -4*m. Calculate the remainder when (10/(-15))/(1/(-3)) + m is divided by 19.
17
Suppose 38*m = 34*m + 432. Suppose -26*a + 23*a = -m. Calculate the remainder when 68 is divided by a.
32
Suppose -4*w + 4 = -2*p, w - 5*w + 12 = 2*p. Suppose w*k - 14 = 2. Suppose -k*l = -6*l - 26. What is the remainder when 50 is divided by l?
11
Suppose 3*t + 102 = 2*p, -5*t - 4*p - 170 = -8*p. Let d = 37 + t. Suppose 308 = 4*g + h, g - 2*h - d*h = 56. Calculate the remainder when g is divided by 20.
16
Suppose -317*p + 3*i = -313*p - 1389, -2*i = -p + 351. What is the remainder when p is divided by 4?
1
Let j = 11942 - 11897. What is the remainder when j is divided by 8?
5
Let c = -122 + 143. Suppose -5*i - l - c + 73 = 0, 4*i - 38 = l. What is the remainder when i is divided by 8?
2
Let z(o) = 2*o**3 - 61*o**2 - 29*o - 81. Let j be z(31). Let y(g) = -g**2 - 31*g. What is the remainder when y(j) is divided by 39?
33
Let v(t) = -t**2 + 29*t + 137. Let c be v(26). Suppose 62*m = 67*m - c. Calculate the remainder when m is divided by 4.
3
Let h(l) = 14*l**2 - 20*l - 78. What is the remainder when 516 is divided by h(-3)?
84
Let h(x) = -x**3 + 9*x**2 - 6*x - 1. Let r(i) = -2*i**2 - 12*i + 14. Let q be r(-7). Let k(o) = -2*o + 14. Calculate the remainder when h(7) is divided by k(q).
13
Let j = -9780 + 10089. What is the remainder when j is divided by 109?
91
Let l(m) = -65*m**3 - 2*m**2 -